 highest common divisor of 46806 and 7741434.
174
Calculate the highest common factor of 11086 and 19852134.
482
What is the highest common factor of 989696 and 17397?
1933
What is the greatest common factor of 717 and 6091154?
239
Calculate the greatest common factor of 111 and 94579252.
37
Calculate the greatest common factor of 7363 and 8890723.
199
What is the highest common divisor of 9613036 and 348?
116
Calculate the highest common divisor of 21948 and 5468.
4
Calculate the highest common factor of 4015 and 6787385.
55
What is the greatest common divisor of 3852551 and 32?
1
What is the highest common divisor of 40417888 and 1316?
28
Calculate the highest common divisor of 16929936 and 15664.
1424
What is the highest common factor of 966 and 62771814?
42
Calculate the highest common divisor of 1879 and 124128619.
1879
Calculate the greatest common divisor of 47213784 and 304.
152
Calculate the highest common divisor of 1134927243 and 9.
9
What is the greatest common factor of 339478 and 1038626?
1262
Calculate the highest common factor of 77274000 and 9600.
1200
Calculate the highest common factor of 43792 and 247792.
272
What is the highest common divisor of 18 and 77860098?
18
Calculate the greatest common factor of 38500 and 2422.
14
What is the highest common divisor of 138447 and 639?
9
Calculate the highest common divisor of 90 and 134782.
2
What is the greatest common divisor of 467852 and 29667?
341
What is the highest common divisor of 21765 and 19725?
15
What is the highest common divisor of 691116 and 1020?
12
What is the highest common divisor of 3559741 and 7?
1
What is the highest common factor of 229 and 20298102?
229
What is the highest common divisor of 3157 and 1541395?
41
What is the greatest common factor of 5834966 and 6?
2
What is the highest common factor of 17032388 and 2740?
548
What is the greatest common divisor of 43692 and 56408?
44
Calculate the greatest common divisor of 62586 and 2642.
2
What is the greatest common factor of 345405 and 80160?
15
What is the greatest common factor of 17119816 and 4536?
56
Calculate the highest common divisor of 640318 and 658.
14
Calculate the greatest common divisor of 289719338 and 6681.
2227
Calculate the greatest common factor of 8470 and 228480.
70
Calculate the highest common factor of 50091017 and 881.
881
What is the greatest common divisor of 268065228 and 4?
4
Calculate the greatest common factor of 648 and 5084280.
72
What is the greatest common divisor of 16664 and 425936006?
4166
Calculate the highest common factor of 3014236 and 1900.
76
What is the greatest common factor of 1278 and 538282737?
639
Calculate the greatest common divisor of 18528000 and 227740.
3860
Calculate the highest common factor of 96 and 3229136.
16
Calculate the greatest common factor of 54 and 665635770.
18
What is the highest common divisor of 2550 and 44631800?
850
What is the highest common divisor of 27455225 and 200?
25
What is the greatest common divisor of 2844 and 170225724?
948
Calculate the highest common divisor of 760 and 61447140.
380
Calculate the greatest common divisor of 3292141 and 5251.
59
What is the highest common factor of 21112 and 1823416?
56
Calculate the highest common divisor of 88083657 and 237.
237
Calculate the greatest common factor of 12062400 and 22800.
1200
Calculate the greatest common factor of 742 and 6298768.
14
Calculate the greatest common factor of 68536 and 289224.
104
Calculate the greatest common factor of 85757229 and 9.
9
Calculate the greatest common factor of 69208 and 35237.
211
Calculate the greatest common factor of 42 and 69012482.
14
What is the highest common factor of 375111425 and 13?
13
What is the highest common factor of 159 and 634463?
53
What is the highest common divisor of 2136 and 11478?
6
Calculate the highest common divisor of 13220484 and 789.
789
Calculate the greatest common factor of 120 and 93854460.
60
Calculate the greatest common divisor of 88 and 2115208.
8
Calculate the highest common factor of 163674 and 190134.
378
Calculate the highest common divisor of 1120 and 35455.
35
Calculate the highest common factor of 12698840 and 124.
124
What is the greatest common divisor of 110462 and 79970?
22
Calculate the highest common divisor of 10344965 and 2259.
251
What is the greatest common factor of 213111 and 25029?
243
What is the highest common divisor of 2 and 3327040?
2
Calculate the highest common divisor of 37599272 and 88.
8
What is the highest common factor of 7884 and 25372026?
1314
Calculate the highest common divisor of 1093953 and 161364.
2373
Calculate the highest common factor of 1429699851 and 8933.
8933
Calculate the greatest common divisor of 13080336 and 456.
24
What is the highest common divisor of 11800 and 4342872?
472
Calculate the greatest common factor of 35156 and 10890088.
2068
What is the greatest common factor of 185597330 and 170?
170
Calculate the greatest common factor of 25622284 and 1510.
302
Calculate the greatest common factor of 10385693 and 291.
97
Calculate the highest common divisor of 7445 and 26095.
5
What is the greatest common factor of 109335 and 49173?
111
Calculate the highest common factor of 1007 and 8624531.
53
What is the highest common divisor of 642 and 4048266462?
642
What is the highest common factor of 1107 and 149527?
41
What is the highest common divisor of 131 and 183397642?
131
What is the greatest common divisor of 19 and 321777977?
19
Calculate the highest common factor of 782804 and 1078.
22
Calculate the highest common factor of 170 and 79428692.
34
Calculate the greatest common factor of 139 and 5296039.
139
What is the highest common divisor of 1086377 and 6232?
41
What is the greatest common divisor of 47823 and 14250?
57
What is the greatest common divisor of 70 and 4773566?
14
Calculate the highest common factor of 72152 and 15344740.
1244
Calculate the greatest common factor of 125967 and 42586.
199
What is the highest common divisor of 270631429 and 2699?
2699
What is the highest common factor of 42453 and 347367?
267
Calculate the greatest common factor of 107729222 and 164.
82
Calculate the highest common divisor of 49315904 and 704.
704
What is the highest common factor of 17766 and 849807?
2961
What is the highest common divisor of 25608 and 227876?
44
Calculate the greatest common divisor of 2034810 and 160.
10
Calculate the greatest common divisor of 3567110 and 1530.
170
Calculate the greatest common divisor of 4154 and 5475716.
62
What is the highest common factor of 11372344 and 1344?
8
Calculate the highest common divisor of 9761 and 1150766.
43
What is the highest common factor of 91135 and 445?
5
Calculate the greatest common factor of 39996845 and 55605.
1685
What is the greatest common factor of 33856152 and 60379?
5489
What is the greatest common factor of 171107 and 15516?
431
Calculate the highest common divisor of 152 and 48150218.
38
Calculate the highest common factor of 7346621 and 5731.
521
What is the highest common divisor of 208 and 2436421?
13
Calculate the greatest common divisor of 581093 and 7339.
41
What is the highest common divisor of 156570 and 270300?
510
Calculate the greatest common divisor of 6355584 and 40.
8
Calculate the highest common divisor of 194678 and 374.
22
What is the highest common factor of 750 and 103413900?
150
What is the greatest common factor of 15500716 and 132?
44
What is the greatest common factor of 160 and 542860?
20
Calculate the greatest common factor of 1284 and 77292.
12
Calculate the highest common divisor of 2385 and 7500825.
2385
What is the highest common factor of 580 and 7720235?
145
Calculate the highest common factor of 11211 and 152958.
111
What is the highest common divisor of 3310038 and 5778?
54
Calculate the highest common divisor of 42916 and 8.
4
What is the greatest common factor of 32405000 and 20000?
5000
What is the highest common factor of 7921349 and 2155?
431
Calculate the highest common divisor of 693001 and 35575.
1423
What is the greatest common factor of 18135 and 1745?
5
Calculate the greatest common factor of 19320 and 224917920.
2760
Calculate the greatest common divisor of 12 and 18890280.
12
What is the greatest common divisor of 35325 and 415575?
2